 prime factors of (w/(-12)*-57)/((-1)/(-4)).
3, 19
Let s = -11 + 23. Let z be 47 - (-4 - s/(-4)). Suppose 0 = h + 6 - z. List the prime factors of h.
2, 3, 7
Suppose -y + 5*x = -136, 0*x + x + 584 = 5*y. Let o = y - 53. What are the prime factors of o?
3, 7
Let a = 6 - 5. What are the prime factors of 285/1 - 5/(a - -4)?
2, 71
Let g(t) be the second derivative of -5*t**3/3 - t**2/2 - 3*t. Let k be g(-1). Suppose c - k = 3*z, 4*c + 6 - 42 = 3*z. List the prime factors of c.
3
Let k(h) = 3*h**2 + 2*h - 11. Suppose 3*u - 3 - 5 = -m, u = -4*m + 10. Suppose y - 4*a - 5 = 8, 16 = 4*y + m*a. List the prime factors of k(y).
2, 37
Let d(i) = 3*i**2 - 9*i - 3. Let n(t) = -3*t**2 + 8*t + 2. Let x(v) = -4*d(v) - 5*n(v). List the prime factors of x(6).
2, 43
Suppose -j = 4*m + 3, 3*j = -2*j + 5*m + 35. Suppose 207 = 4*t + j*t. List the prime factors of t.
23
Suppose 48635 = 32*j + 17755. List the prime factors of j.
5, 193
Suppose 0 = -2*r - r + 15. Suppose 5*w = 3*n - 425, r*n = -2*w + w + 755. Suppose 9*d - 4*d - n = 0. What are the prime factors of d?
2, 3, 5
Suppose -2*g = -5*k - 2103 + 15379, -3*k = -g - 7966. What are the prime factors of k?
2, 83
Suppose 3*j - 3*l = -27, 5*j - 2*l + l = -37. Let f(m) = -14*m - 6. Let y be f(j). List the prime factors of (-1)/2 + y/8.
11
Suppose -2313 + 8163 = 6*j. List the prime factors of j.
3, 5, 13
Suppose -19*d = -21*d + 8. Suppose 3*f - 72 = x, -f + 11 = -0*f + d*x. What are the prime factors of f?
23
What are the prime factors of (-22281)/(-24) - 27/72?
2, 29
List the prime factors of -54*(30/(-4) + -1 + 6).
3, 5
What are the prime factors of 707/(-77) + 9 + (-7999)/(-11)?
727
Suppose -2*a - t + 6 = 0, 3*a + 0 = -t + 9. Let z = a - -33. List the prime factors of z.
2, 3
Suppose 0 = -48*b + 36*b + 1920. Let o(m) = 42*m. Let q be o(-2). Let t = q + b. List the prime factors of t.
2, 19
Let p = -41 - -44. Suppose 0 = 2*d + p*r - 231, 0 = 3*d - 0*r + 2*r - 354. List the prime factors of d.
2, 3, 5
List the prime factors of 11 + (-12 - -4) - -1914.
3, 71
Let w = 1946 - -367. What are the prime factors of w?
3, 257
Suppose -5*b + 5*j = -1198 - 1097, -2*b - j + 924 = 0. What are the prime factors of b?
461
Let w(p) = -27*p + 115. List the prime factors of w(-19).
2, 157
Suppose 157*c - 43204 = 143*c. List the prime factors of c.
2, 1543
Let j be 8 + 18/(-6) + -1. Suppose -2*p - 679 = -5*h, 345 = 2*h + j*p + 59. List the prime factors of h.
137
Suppose 0 = 6*h - 21 - 15. Suppose 0 = -0*s - h*s + 126. List the prime factors of s.
3, 7
Suppose 0 = -5*m + 9*m + 8, -2*m - 224 = -4*h. List the prime factors of h.
5, 11
Let o be 44/16 + 1/4. Suppose o*w - 600 = -3*w. What are the prime factors of w?
2, 5
Let h(s) = s**3 + 9*s**2 - 3*s + 15. List the prime factors of h(-8).
103
Let m(y) be the first derivative of y**4/4 + 2*y**3 + 5*y**2/2 + 3*y - 2. Let d be m(-5). Suppose -s + 116 = d*s. List the prime factors of s.
29
Suppose -7*o + 742 = -14*o. Let i = -57 - o. What are the prime factors of i?
7
Suppose 5*b - 204 = 3*d, 0 = -9*b + 4*b + 5*d + 200. What are the prime factors of b?
2, 3, 7
Suppose 0 = -5*a, 4*a + 8 = 4*i + a. Suppose 4*s - 77 = i*s + 5*f, 15 = 5*f. List the prime factors of s.
2, 23
Let p be ((-1)/1)/(2/(-4)). Suppose 2*g = -3*k - k + 4, -2*k + 8 = 4*g. Suppose 0*t - s = -p*t + 85, -2*s - 84 = -g*t. What are the prime factors of t?
43
Let d = -1837 + 4056. What are the prime factors of d?
7, 317
Suppose 6*c + 1894 = 8*c. What are the prime factors of c?
947
List the prime factors of (-6)/(-16) - 1*(-54791)/88.
7, 89
Let z(x) = -24*x**3 - 3*x + 2. Let n(i) = i**2 + 10*i + 1. Let b be n(-10). Let f be z(b). Let j = f - -35. What are the prime factors of j?
2, 5
Suppose -509 + 137 = -4*t. Suppose t = 2*j + 19. List the prime factors of j.
37
Let g(f) = f**3 + 7*f**2 - 19*f + 7. Let a(x) = -x**2 - 2*x - 9. Let t be a(0). List the prime factors of g(t).
2
Let h(n) = -n**2 - 48*n + 61. What are the prime factors of h(-38)?
3, 7
Let p = -2497 + 4436. List the prime factors of p.
7, 277
Suppose -19 = 2*y - 63. Suppose -6 = 2*s - y. Let r = s + 8. List the prime factors of r.
2
Suppose -r + 8*r = 973. Let u = -65 + r. List the prime factors of u.
2, 37
Let z = 520 + -311. Let d = z + -143. What are the prime factors of d?
2, 3, 11
Let o(n) be the first derivative of n**4/4 + 5*n**3/3 - 5*n**2/2 + 3*n - 2. Let x(p) = -p - 2. Let y be x(3). What are the prime factors of o(y)?
2, 7
Let p(b) = 4*b + 91. What are the prime factors of p(17)?
3, 53
Suppose -5*q - 14 = 4*m, 2*m - 5*q + 28 = -m. Let x = -26 + 29. Let d = x - m. What are the prime factors of d?
3
Let x = 86 + -68. Let m = x - -194. List the prime factors of m.
2, 53
Let b = -18 + 24. Let x be 4/(-3)*(-18)/b. Suppose -2*y + x*y - 3*j = 19, -4*j = -20. What are the prime factors of y?
17
Let f(o) = o - 1. Let u(s) = 3*s - 2. Let z(x) = 2*f(x) - u(x). Suppose 40 = -5*p - 5. What are the prime factors of z(p)?
3
Suppose -78 = 198*l - 199*l. List the prime factors of l.
2, 3, 13
Let q(s) = -s**3 - 23*s**2 + 25*s + 29. Let z be q(-24). Suppose 0 = -z*v + 483 + 37. List the prime factors of v.
2, 13
Let q(a) = -4*a**2 + 10*a + 10. Let k(d) = -3*d**2 + 10*d + 10. Let s(o) = -3*k(o) + 2*q(o). List the prime factors of s(13).
29
Let i be (35 - 1)*(25 + -26). Let j = 46 + i. What are the prime factors of j?
2, 3
Let x(k) = k**2 + 4*k + 9. Suppose s + s = -6. Let u be s*(3 + 1 - 2). List the prime factors of x(u).
3, 7
Let u(c) be the second derivative of -2/3*c**3 - c**2 + 7*c + 0 + 1/12*c**4. List the prime factors of u(9).
43
Let s = 5 - -4. Suppose -536 = f - s*f. List the prime factors of f.
67
Suppose v + 607 = 5*g, 3*g = -0*v + 2*v + 360. List the prime factors of g.
2, 61
Let w(u) = 7*u - 11. Let d(b) = 27*b - 45. Suppose -2*v = -5*x + 109, 4*x - 2*v - 75 - 13 = 0. Let o(n) = x*w(n) - 5*d(n). List the prime factors of o(4).
2, 3, 7
Let z = 790 - 381. Let a = z - 189. List the prime factors of a.
2, 5, 11
Let y(f) = -f**3 - f**2. Let o be y(-3). Suppose -10 = s - o. What are the prime factors of s?
2
Let t(p) = -p**3 - 6*p**2 + 14*p - 13. Let m be t(-8). Suppose -m*w + r + 3*r = -377, r - 266 = -2*w. What are the prime factors of w?
131
Suppose 26*b - 29*b + 7026 = 0. What are the prime factors of b?
2, 1171
Suppose r - 173 = 2*f, 4*r + f = 4*f + 682. Suppose 5*l = 186 + r. List the prime factors of l.
71
Suppose 52*u = 47*u + 20. Suppose u*h - 38 - 6 = 0. List the prime factors of h.
11
Suppose -3*m - 135 = -8*m. Suppose -m = 5*w - 7. List the prime factors of 12/w + (-34)/(-1).
31
Let w = -52 + 24. Let p = -16 - w. List the prime factors of p.
2, 3
Let f(l) = l**3 - 24*l**2 + 23*l - 162. List the prime factors of f(24).
2, 3, 5, 13
Suppose g - c + 2 + 2 = 0, -4*g - c + 9 = 0. Suppose -2 = 2*f - 8. List the prime factors of 48*g + 12/f.
2, 13
Let t(o) be the second derivative of o**5/20 - o**4/2 - 4*o**3/3 - 9*o**2/2 + 2*o. List the prime factors of t(8).
5, 11
What are the prime factors of (-21)/(-1)*(119/7 + 12)?
3, 7, 29
Let s(z) = z**2 - 21*z - 218. List the prime factors of s(42).
2, 83
Let f(r) = -r + 1. Let u be f(-2). Suppose u*i - 196 = -5*p - i, 0 = -5*p - 3*i + 192. What are the prime factors of p?
2, 3
Let g(p) = -2*p - 9. Let m be g(-11). Let q = m + -21. Let a(o) = -3*o - 11. List the prime factors of a(q).
13
Suppose -g = 2*y - 68, -2*y = -3*y + 3*g + 20. Let r be (2/8)/(4/y). Suppose 2*t = 7*t - 2*h - 46, r*t = -4*h + 4. List the prime factors of t.
2
Let z(v) = -12*v**3 - v + 6. Let o be z(-3). Let k = 481 - o. What are the prime factors of k?
2, 37
Suppose 2*m - 5*p - 720 = -p, 20 = -5*p. Suppose -4*r = 4*v - m, r + 432 = 5*v - 2*r. Suppose 5*w = w + 20, -o + v = 3*w. List the prime factors of o.
2, 3
Suppose 0 = -5*m + 4*l + 40, -25 = -5*m + 2*l - l. Suppose m*t - 83 = 185. What are the prime factors of t?
67
Suppose 3*k = 5*s + 228, 226 = 4*k + 3*s - 49. Let i = k + -9. What are the prime factors of i?
2, 31
Let b = 528 + -244. What are the prime factors of b?
2, 71
Suppose x - 11*v = -15*v + 1544, 0 = -2*x + v + 3124. List the prime factors of x.
2, 3, 5, 13
Let v(g) = -27*g - 8. Let b be v(-6). Suppose 4*l + q = b, 0*q - 127 = -3*l + 5*q. What are the prime factors of l?
3, 13
Let x = -4510 - -6556. List the prime factors of x.
2, 3, 1